
-43
What is the value of -10 + -16 + 13 + 11 + -2 + -3?
-7
Calculate 14 - 4 - 1 - (43 + -16 + -11 + 25).
-32
What is -1034 + 1031 + 0 + -43 + (18 - 2)?
-30
Evaluate (84 - (-49 - -49)) + -172.
-88
What is the value of 48 - (4 + (-19 - (-16 + 8)))?
55
What is the value of -149 + (47 - -34) - -52?
-16
Calculate -22 + 8 + -8 + 22 + -48 + 23.
-25
Evaluate -9 + 13 + -12 + (42 - -4) + -10.
28
Calculate (-12 - (-9 + 11 + -4)) + (69 - (9 - 24)).
74
34 + -46 + 37 + (1 - 15)
11
47 + (25 - (-52 - -59))
65
What is 42 + (-12 - -23) + -40 - -18?
31
What is (16 - (7 - 3 - 8)) + 5 + 5 + -4?
26
What is the value of (28 - 78 - 50) + 25?
-75
What is 9 + (0 + 4 - 2) - (-170 - -227)?
-46
Calculate 45 + (-35 - (-103 - -90)).
23
What is the value of -22 + (40 + -28 - (5 - 7))?
-8
11 + -30 + 46 - -20
47
Calculate -127 + -329 + 581 - (19 - (2 + -1)).
107
Evaluate 61 - 5 - (706 - 645).
-5
-6 + 16 - (131 - 109)
-12
Evaluate 8 + 5 - ((-33 - (-12 - -8)) + 0).
42
Calculate (0 - -33) + -212 + 231 + -2 + -17.
33
What is the value of (-40 - (-10 - -7)) + 8?
-29
What is the value of -11 - (38 + (19 - -11))?
-79
What is the value of (-124 - -211 - 104) + 29 + -3?
9
535 + -525 + 0 + 0 - (-6 + (86 - -5))
-75
1 - -21 - 25 - (-2 + 0 + 10 + 1)
-12
What is 84 - 99 - -13 - (-12 + -1)?
11
What is 21 - (101 + -18) - (-8 - (-6 + -8))?
-68
What is -17 + (-424 - -410) + 5 + -10 + 9?
-27
Calculate -9 + (-7 - (-4 + -5)) - (-14 - -4).
3
Evaluate (-51 - -19) + 70 - 14.
24
Calculate 1 + -9 - -8 - (3 - 11).
8
Calculate -4 - -17 - (-2 + 1 + -4).
18
-21 + ((-60 - -18) + 23 - -72)
32
Evaluate 0 + -52 + (-2865 - -2851).
-66
Evaluate -15 + (6 - (-29 + 34 + 34)).
-48
Calculate 46 - 12 - ((56 - 35) + -23).
36
Calculate (12 - (19 + -14 + 13) - -11) + -11.
-6
What is the value of 9 - (15 - 23) - (8 + (0 - -3))?
6
Calculate 59 - (64 + (-72 - -65)).
2
What is 6089 + -6069 + (-5 - -3) + 1 + 1?
20
Evaluate -11 + -9 + 92 + -20.
52
Evaluate 12 + -18 + (-2 - -13) + -35 - -6.
-24
55 - 319 - -86 - -111
-67
What is the value of -2 + -6 + 5 + -5 + -1 + 123 - -2?
116
Evaluate (-20 - -68) + -46 + 0 + 33 + 8.
43
What is the value of 6 - (68 + 50 + -68)?
-44
What is 38 - ((188 - 61) + -61)?
-28
What is the value of (32 + -6 - 18) + -5 + -7 + -21?
-25
Calculate (21 - 17) + -6 + (-3 - (-17 + 7)) + -2.
3
Calculate -2 - (-22 - (-28 + 12)).
4
Calculate 14 + (-8 - (12 - 17)) + -71 + -18.
-78
What is the value of -5 - (-10 + 15 - 4) - -27?
21
What is (4 + -3 - (-37 - -79 - 50)) + 25 + 1?
35
Evaluate (-10 - 0) + -1 - (29 - -3 - -18 - 1).
-60
Calculate 28 + 1 - ((-33 - -58) + 1) - (-1 + 97).
-93
Calculate (2 - (-2 + -1)) + -548 + 540 + -10.
-13
Calculate -3113 - -3121 - (-4 + -1).
13
Calculate 31 - (59 - (7 - 21)).
-42
Evaluate -18 - -14 - (-13 + (4 - 2 - -8)).
-1
-42 + (11 - 39 - -17 - 17)
-70
What is (118 - 2) + (-3 + -71 - -53) + 29?
124
What is 1 - (1 + -8) - (-27 + -4 + (9 - 7))?
37
What is 36 + 15 + -55 + 52?
48
-3 - (48 + -6) - (-25 + 12) - -10
-22
What is the value of 52 - -21 - 57 - (-4 - -75)?
-55
-65 - (-82 - -61) - (-24 - 27)
7
What is -1 + (3 - -70) - (191 - 176)?
57
Evaluate (74 - 89) + (-34 + 17 - -5).
-27
What is the value of 11 + 0 + 1458 + -1434?
35
Evaluate -16 - (4 - (1 + -16)) - (12 - 1).
-46
(-2 - (15 + -9 - -13)) + 55
34
Calculate -91 + -1 - (-3208 + 3166).
-50
Calculate (7 - (0 + (-3 - -5) + -5)) + -29574 + 29678.
114
Evaluate 0 + -96 + 123 + 29 + -155.
-99
What is the value of -43 - ((-26 - (-44 - -27)) + 5 + (-3 - -9))?
-45
What is 12 + (-55 - (-5 - -20))?
-58
Evaluate 17 - 12 - -5 - (4 - (3 - -5)).
14
(49 - 29) + -39 + -34
-53
34 + -77 + -36 + 46
-33
What is the value of -9 + -4 + -14 + -2 + 11 + 0?
-18
What is 29 + 1 - ((1 - 37) + (198 - 177) - -20)?
25
(-80 - 12) + 17 - (2 - 10)
-67
Calculate 48 + -32 - 75 - -32.
-27
Calculate 36 + 56 + -44 - 6.
42
-32 - (-51 - (-55 - 20))
-56
What is 83 - (-71 + 152) - ((1 - 32) + -3 + 1)?
35
Calculate (6 + -1 - 7 - -1 - -15) + -12.
2
Calculate -27 + 1 + -8 + 35 + 20.
21
What is the value of -8 + (3 - -45) - (-17 - (-53 + 28))?
32
Evaluate (137 - 191) + (30 - 29 - (0 - 10)).
-43
What is the value of -7 + (-6 - -7) + 3854 + -3791?
57
Evaluate 97 - (106 - 41) - -6.
38
What is (97 - 98 - -9) + (1 + 1 - -38)?
48
What is -49 + (-28 - -87) + 17?
27
(76 - 2) + -718 + 731
87
What is 63 + -19 + (33 - 109)?
-32
What is the value of (-3136 - -3142 - (1 + 1 + 18 - 1)) + 44?
31
Evaluate 76 + (-10 + 37 + -35 - 8).
60
Evaluate -1 + 19 - (-129 + 102 + 1 + 31).
13
Evaluate (84 - 72 - (8 - ((2 - 5) + 9))) + 54.
64
Calculate 1 + (-2 - (2 + (-1 - 1))) + -16596 + 16598.
1
Calculate 492 - 566 - (-38 + 3).
-39
What is the value of -37 - ((26 - -10) + -13 + -15)?
-45
Evaluate 61 + -58 + (2 + -30 - (0 - (-5 - 2))).
-32
What is the value of (7 - -9) + -16 - 7 - 4?
-11
What is 72 + 3 + -1028 + 999?
46
Evaluate 51 + (64 - 56) + -7.
52
(-16 - (81 - 143)) + (1 - -5)
52
What is -2825 + 2882 + (-146 - -1)?
-88
Calculate 1 - (2 - 1) - ((27 - 0) + -188 + 203).
-42
22 - (85 + 7 + -98)
28
Evaluate 45 - 1 - (119 + 28 - 156).
53
What is the value of 3 + -131 - (-1003 - -896)?
-21
What is -46 + 21 + 0 + -14 + 16 - 11?
-34
Calculate (0 - (-1 - 7)) + -153 + 113 + 38.
6
-2 + -3 + 5 + (24 - (-13 - -9))
28
What is (13 + -53 - -28) + -102 + -12?
-126
What is 4 + -9 - -3 - (68 + 9 + -27)?
-52
31 + -11 + (61 - 67)
14
What is the value of 8 - (24 + (72 - 37))?
-51
What is the value of -288 + 298 - (-2 + 4 + 1 + 19) - 18?
-30
What is 1 - (-4 - 2) - (16 + -59 - -31)?
19
What is the value of -38 + 2 + 35 + 24?
23
What is -19 + -17 + 4 + -3 + 4 + 2 + -5?
-34
What is the value of 19 - 35 - (-10 + -13 + 32)?
-25
What is the value of (10 - -4) + -5 - (-4 - (-13 - 3 - -4))?
1
What is -4 - (1 + 2 + 226 + -219) - 3?
-17
What is -11 + (11 - (10 + 11 + -24) - 53)?
-50
Calculate 31 + 0 + 1 + 11.
43
Evaluate 5 + (-2 - 0) - (69 + -23 + 98) - 0.
-141
Evaluate 2 + -18 + 2 - (-275 - -213).
48
Calculate (-3 + -12 + 9 - 7) + -10 - -6.
-17
What is the value of (-12 - -43 - -2) + 23?
56
Calculate -17 + -32 + 8 + 30 + -35.
-46
What is the value of -7 + (-5 - (16 + -32)) + -10?
-6
What is the value of (11 + (2 - 13) + 13 - -32) + 16?
61
What is the value of 67 - (34 - 4) - (-1 + 5)?
33
What is the value of -2 + 0 + -1 + (23 - (-4 - (30 - 51)))?
3
What is the value of 48 + (-72 - (37 - 5))?
-56
(24 - (-12 - -6)) + 161 + -318
-127
Calculate (-13 - (-8 + 4) - -1) + -84 + 22 + 24.
-46
Calculate -3 + (1 - -85) + (53 - (23 + 50)).
63
Evaluate -39 + (101 - (-17 - -60)).
19
What is the value of (17 - 19) + (-17 - (22 - 88))?
47
Calculate -2 + -22 - ((-232 - -98) + 105).
5
Calculate 42 + (54 - (63 + -1)).
34
32 + -70 + (2 + 4 + -4 - -8)
-28
Evaluate 3 + (36 + -9 - 71).
-41
Evaluate (-8 - (-23 - -19)) + 23 + -12 + -1 + 36.
42
What is the value of 50 - 30 - (-12 + 45)?
-13
Calculate (-48 - -13) + (120 - (22 - 24)).
87
79 - (-13 - -32) - -16
76
What is -1 + 9 - ((-10 + 21 - 34) + 4)?
27
Evaluate 60 - (-20 + 12 + -2 + 12 + -8).
66
Calculate 109 - ((-29 - 11) + 19 - (5 + -10 - 5)).
120
Evaluate -28 + 46 - (15 + 2) - (-22 + 11).
12
(-15 - 0) + -58 + (-3 - -33)
-43
Evaluate -1 - 5 - ((-7 - (-32 - -7)) + -20).
-4
Calculate (10 - (11 + 0 - 7)) + 30 + 0 + -8.
28
What is -15 - (63 - 16 - 14 - 9) - (-1 - -6)?
-44
What is the value of 127 + -61 + -64 - 36?
-34
What is -59 - ((-11 - -53) + -42)?
-59
Calculate -2 + 6 + -8 - (-20 + 34 - -6).
-24
Evaluate -4 + -7 - (-71 + 84) - 12.
-36
What is the value of (-11 - (0 + -8 - 1 - (211 + -219))) + 29?
19
Evaluate -76 + 43 + 1 + 15 - 11.
-28
What is (54 - -44) + 35 - 62?
71
Evaluate -8 + 23 + 10 + -44 + (57 - 1).
37
What is 22 - (2841 + -2821 + (-71 - -1))?
72
What is (-7 - (11 - (-23 - -45))) + (-44 - -5 - -6)?
-29
Evaluate -29 - (-15 - (94 + -48)).
32
What is the value of -9 + (-13 - (-14 - -14) - -84)?
62
Calculate 54 - (-431 - -430 - ((-10 - 2) + -1)).
42
What is (40 - 34) + 4 + (1 - 1 - -1) - -55?
66
What is the value of (636 - 636) + 4 + 4 + -4 + (-1 - 9)?
-6
(-3 - (2 - (2 + 2))) + 1514 + -1508
5
What is -242 - -201 - (16 + -7)?
-50
What is -16 - -3 - (-1250 + 1220)?
17
What is the value of (-26 - 0) + 29 + (7 - (47 + -22))?
-15
Evaluate 17 - (-8 + (19 - -1) - 11) - 26.
-10
43 + (17 + -42 - -27)
45
Calculate 0 + -3 - (74 + 23 - 135).
35
Evaluate (68 - 181) + -18 + (26 - -20).
-85
What is -323 + 314 - (5 -